-3261?
-3260
In base 12, what is 22699 + 1?
2269a
In base 13, what is -1 + -23?
-24
In base 2, what is 11101000001 + -10?
11100111111
In base 13, what is 7 + 1c?
26
In base 15, what is 4 - 1c?
-18
In base 2, what is -11 + 110101001000?
110101000101
In base 7, what is -36 + 35?
-1
In base 4, what is 13 + 10102?
10121
In base 5, what is -14 - -1224?
1210
In base 14, what is -105 - 2?
-107
In base 3, what is 10 + -220100?
-220020
In base 2, what is 1100011 - 101?
1011110
In base 4, what is -22311 + -3?
-22320
In base 6, what is 0 + 50?
50
In base 4, what is 0 - 233?
-233
In base 5, what is 3203 - -104?
3312
In base 14, what is -3 + -6?
-9
In base 12, what is 756 + -2?
754
In base 5, what is 2 + -12142?
-12140
In base 9, what is -2238 - -2?
-2236
In base 3, what is -1211011 + -12?
-1211100
In base 3, what is 20 - -10221?
11011
In base 5, what is 10 + 1321?
1331
In base 14, what is -7 + -d5a?
-d63
In base 16, what is 6 - 5e1?
-5db
In base 13, what is 4 + 34a?
351
In base 4, what is 11 - 120223?
-120212
In base 8, what is 42 + -5?
35
In base 9, what is -2 - 11?
-13
In base 6, what is 144 + 404?
552
In base 7, what is 3 - -30?
33
In base 3, what is -12 + -1122002?
-1122021
In base 13, what is -39b - 5?
-3a3
In base 15, what is 5 - c?
-7
In base 10, what is 37117 - -3?
37120
In base 3, what is 2 - -11200?
11202
In base 10, what is 90 - 101?
-11
In base 7, what is 5611 + 0?
5611
In base 9, what is 1160 + 5?
1165
In base 11, what is -20 + -4?
-24
In base 7, what is -3 - 33?
-36
In base 3, what is 2 - -11?
20
In base 16, what is -251 - -3?
-24e
In base 2, what is -10011001 - 1?
-10011010
In base 4, what is -1223 + 3?
-1220
In base 16, what is -8a4 - -3?
-8a1
In base 4, what is 1 - -1003?
1010
In base 6, what is 0 - 151?
-151
In base 11, what is 4 - -8a7?
900
In base 2, what is -100 + 10011101001?
10011100101
In base 7, what is 5 - 402?
-364
In base 15, what is -a + -13?
-1d
In base 13, what is 0 + 32?
32
In base 10, what is -3 + 417?
414
In base 15, what is 1 + 46?
47
In base 4, what is -1313 + -320?
-2233
In base 14, what is 562 - 4?
55c
In base 4, what is -11100 + -12?
-11112
In base 2, what is -101 + 0?
-101
In base 10, what is -192 + -17?
-209
In base 11, what is -1a4 - -5?
-19a
In base 6, what is 0 - 413?
-413
In base 9, what is 0 + 462?
462
In base 9, what is -3 + -810?
-813
In base 10, what is -4 + -58?
-62
In base 6, what is 214 + -4?
210
In base 8, what is 671 - 11?
660
In base 7, what is 4 - 456?
-452
In base 2, what is 10001 + 10?
10011
In base 8, what is 16152 - 4?
16146
In base 5, what is 2 - 33?
-31
In base 13, what is -4c81 - 2?
-4c83
In base 10, what is -1750 + -1?
-1751
In base 3, what is 102 - 100200?
-100021
In base 7, what is -34 - 13?
-50
In base 12, what is -5 - 1b6?
-1bb
In base 11, what is -353 + -1?
-354
In base 10, what is 7 - -13?
20
In base 2, what is -110111110001 - 11?
-110111110100
In base 11, what is 8682 + 0?
8682
In base 16, what is -11d + -4?
-121
In base 14, what is 650 - 5?
649
In base 13, what is 503 - -5?
508
In base 10, what is -201 + 3?
-198
In base 6, what is 0 + -3240?
-3240
In base 14, what is 693 + -5?
68c
In base 8, what is 463 + 5?
470
In base 5, what is -3 + 42122?
42114
In base 6, what is -113343 + 5?
-113334
In base 2, what is 101 - 10?
11
In base 16, what is -a4 + 3?
-a1
In base 15, what is -24 - -5?
-1e
In base 14, what is -23 - 2?
-25
In base 12, what is 0 - -22?
22
In base 13, what is 2 + -6?
-4
In base 4, what is -100 - 321?
-1021
In base 14, what is 27 + 5?
2c
In base 7, what is -1420 + -5?
-1425
In base 8, what is -5 + -45?
-52
In base 4, what is -103 + -22?
-131
In base 3, what is 21210 - -2?
21212
In base 10, what is 2 - -1951?
1953
In base 8, what is 10 + -17?
-7
In base 8, what is -1 + -270?
-271
In base 13, what is -3b3 + -1?
-3b4
In base 6, what is -3 + -300?
-303
In base 2, what is -100 - -11110001?
11101101
In base 4, what is 0 + -233?
-233
In base 16, what is -d + -14b?
-158
In base 10, what is -158 + 3?
-155
In base 9, what is 20 + 12?
32
In base 5, what is 11 - -101440?
102001
In base 7, what is -653 - 2?
-655
In base 9, what is 18 - -12?
31
In base 3, what is 11 + -200201?
-200120
In base 11, what is -2 + 678?
676
In base 3, what is 0 + 112202?
112202
In base 15, what is 2d + -14?
19
In base 14, what is -3 + -14a?
-14d
In base 7, what is 3 + 164?
200
In base 7, what is -45226 - -3?
-45223
In base 12, what is 304 - a?
2b6
In base 5, what is -134201 - 3?
-134204
In base 3, what is -21 + -1010100?
-1010121
In base 12, what is -3 + -654?
-657
In base 15, what is -1 + 9c?
9b
In base 2, what is -11000 - 1?
-11001
In base 12, what is 4 - 22?
-1a
In base 6, what is 23145 + -2?
23143
In base 16, what is -1 + 61?
60
In base 11, what is -5 + 222?
218
In base 14, what is 14c6 + -2?
14c4
In base 5, what is 0 + -341?
-341
In base 5, what is 3220 - -2?
3222
In base 11, what is -3 + 292?
28a
In base 16, what is -3 + -15?
-18
In base 9, what is -14440 + -1?
-14441
In base 7, what is -5 - -50?
42
In base 6, what is 230 + 0?
230
In base 5, what is -4 + 323?
314
In base 8, what is -33 - -7?
-24
In base 5, what is 10 + -414?
-404
In base 8, what is -5062 + 3?
-5057
In base 11, what is 1530 + 3?
1533
In base 9, what is -5 - 332?
-337
In base 3, what is -110 - -1?
-102
In base 3, what is 2101 + 10?
2111
In base 7, what is 31 + -3?
25
In base 12, what is -22 + 0?
-22
In base 3, what is -21220220 + 1?
-21220212
In base 2, what is 1001 - 1010001?
-1001000
In base 15, what is -16 + -ad?
-c4
In base 14, what is 545 - -5?
54a
In base 6, what is 15545 - 2?
15543
In base 8, what is 3 + 420?
423
In base 6, what is -1 + -22?
-23
In base 3, what is 2101 + -11?
2020
In base 13, what is -4 - 88?
-8c
In base 8, what is -50 - -10?
-40
In base 16, what is 95 + -2?
93
In base 11, what is 4 + 282?
286
In base 13, what is -4152 - 2?
-4154
In base 13, what is -8b - -1?
-8a
In base 2, what is -101 + 1111000?
1110011
In base 10, what is -4 + 2173?
2169
In base 16, what is -b1 + 2a?
-87
In base 5, what is -441 + 0?
-441
In base 12, what is -2 - 15?
-17
In base 7, what is -2101 - -3?
-2065
In base 13, what is -8 + 1?
-7
In base 8, what is -362 - -11?
-351
In base 4, what is 102 + -33?
3
In base 13, what is 4 + 15?
19
In base 11, what is 12a + 12?
141
In base 7, what is -3001 - 4?
-3005
In base 9, what is -73 + 64?
-8
In base 16, what is -754 + -3?
-757
In base 7, what is -20422 - -5?
-20414
In base 5, what is 3 + 411?
414
In base 3, what is 21001 + -11?
20220
In base 9, what is 5 + 2521?
2526
In base 3, what is -21222 + 11?
-21211
In base 4, what is -21 - 111?
-132
In base 4, what is 2 - 131?
-123
In base 7, what is 4 + 113?
120
In base 11, what is 3 + 475?
478
In base 15, what is 127 - 11?
116
In base 3, what is -1000010 - 2?
-1000012
In base 12, what is 12 + -2?
10
In base 2, what is -110 - -1111?
1001
In base 16, what is 113 - -63?
176
In base 11, what is 63 + -10a?
-57
In base 5, what is -201 + 4?
-142
In base 3, what is -20 - -1020?
1000
In base 14, what is d + 78?
87
In base 8, what is -1 + -126?
-127
In base 10, what is 259 + -1?
258
In base 2, what is 10 + -101?
-11
In base 9, what is -14 + 683?
668
In base 14, what is -bd + -7?
-c6
In base 15, what is -46 - -12?
-34
In base 4, what is -210 + -10?
-220
In base 15, what is 62 - d?
54
In base 15, what is 1e + -29?
-a
In base 15, what is 0 + 843?
843
In base 14, what is -371c + 3?
-3719
In base 12, what is -1672 + 4?
-166a
In base 6, what is -103050 + 4?
-103042
In base 6, what is 1 - 440?
-435
In base 16, what is 4c + -d?
3f
In base 6, what is -1522 + -33?
-1555
In base 11, what is 260 - 3?
258
In base 10, what is -36 + -29?
-65
In base 14, what is 42a + 2?
42c
In base 14, what is -1 + -9b?
-9c
In base 3, what is -11 + 11101?
11020
In base 11, what is 2a44 - 5?
2a3a
In base 10, what is 200 + -2?
198
In base 13, what is a - 8?
2
In base 4, what is -23 - 1130?
-1213
In base 14, what is 370 + 12?
382
In base 14, what is -7 - 17?
-20
In base 9, what is 2426 - -1?
2427
In base 7, what is 2 + 3112?
3114
In base 14, what is -3 + 27bb?
27b8
In base 3, what is -21200 + -2?
-21202
In base 12, what is -163 + -5?
-168
In base 10, what is -7 - 78?
-85
In base 7, what is 1 + -243?
-242
In base 7, what is -213 - 34?
-250
In base 3, what is 1112210 - 10?
1112200
In base 14, what is 69 + 